reatest common factor of r and 33?
11
Suppose -b = -4*b. Suppose -2*h - 44 + 350 = b. Let v = -72 + h. What is the highest common divisor of v and 9?
9
Suppose 13*i = 300 - 6 + 226. Calculate the highest common divisor of i and 1670.
10
Let b(a) = 2*a**3 - a**2 + 10*a - 12. Let y be b(3). Calculate the greatest common divisor of 336 and y.
21
Suppose 0 = -5*q + 84*q - 46215. What is the greatest common divisor of q and 45?
45
Let r(c) be the first derivative of -c**4/2 + 11*c**3/3 + 4*c**2 + 3*c + 44. Let t be r(6). Calculate the highest common factor of 5 and t.
5
Let k be 9/4 - 2/8. Suppose -w - 18 = -k*w. Suppose 454*b - 445*b - 219 = 591. Calculate the greatest common factor of b and w.
18
Let u(o) = -12*o - 58. Let h be (-2)/4 + 1 - 506/44. Let g be u(h). What is the highest common divisor of g and 37?
37
Suppose i = 3*a - 3280, -a - 221*i = -217*i - 1115. What is the highest common divisor of a and 3504?
219
Let v = 1013 - 1006. Let p(h) = 9*h**2 - 29*h + 23. Let t be p(v). Calculate the greatest common factor of t and 9.
9
Let g be 1/(2/4 - 0). Suppose 2*q = 4*y - 20, 0 = -5*q - 664*y + 663*y + 38. What is the greatest common factor of q and g?
2
Let z(c) = -655*c + 8. Let q be z(-2). Suppose 1207 = -3*u + q. Calculate the highest common factor of 333 and u.
37
Let w = 37 - 37. Suppose 4*r = -3*a + 94, 54 = 2*r - 2*a - w*a. Let u be (-1)/((r/(-30))/5). Calculate the highest common divisor of u and 30.
6
Let d(c) = 3*c**2 + 4*c + 18. Let b be d(-4). Suppose -8 = 5*k - 28. Let z be b/k*16/20. What is the highest common factor of z and 50?
10
Let f = 3909 - 3615. What is the greatest common factor of 392 and f?
98
Suppose j = 2*j - 40. Let z(r) = -80*r**3 - 15*r**2 + 15. Let b be z(-1). Calculate the greatest common factor of j and b.
40
Let j = -45 + 45. Let l be -2 - (-68 + -4) - j. Let d be 27/(-6)*l/(-15). What is the highest common factor of 231 and d?
21
Let u(c) = c**2 + c - 5. Let y = -11 - -16. Let d be u(y). Let g be 8/108*-6*(1053/(-26) - -18). Calculate the greatest common divisor of d and g.
5
Let f(w) = 20*w - 133. Let c be f(7). Let o(h) = 2*h**3 - 3*h**2 - 50*h + 21. Let q be o(c). What is the highest common factor of 20 and q?
10
Let l = 162 - 159. Let c be 4/l + 1840/15. Calculate the greatest common factor of 31 and c.
31
Let h be -52 + 51 - 165/6*-14. What is the greatest common divisor of h and 12416?
128
Let o(f) = f**3 + 12*f**2 - 20*f - 34. Let z be o(-8). Suppose p = -4*m + 114 + 72, -3*m = 2*p - z. Calculate the highest common divisor of p and 97.
97
Suppose 4*n = -35*d + 31*d + 6328, 0 = 4*d - 6*n - 6308. Calculate the greatest common factor of d and 20.
20
Let j = -745 - -993. Calculate the highest common factor of 72 and j.
8
Suppose 55 = 2*a - 185. Suppose -5*x = 5*d - a, x - 3*d = 2*x - 32. What is the greatest common divisor of 50 and x?
10
Let s(l) = -l**3 + 15*l**2 - 2*l - 21. Let x be s(7). What is the greatest common factor of x and 255?
51
Let x = 916 + -772. Calculate the greatest common divisor of x and 1008.
144
Let s(n) = n**3 - 7*n**2 - 5*n - 5. Let q be s(8). Suppose q*z + 36 = 20*z. What is the greatest common factor of 12 and z?
12
Suppose -2*z - 5*o + 42 = 0, 3*z - 42 = 2*o + o. Suppose 21*s = 10*s + 132. Let c be (s/18)/(5/(-48))*-20. Calculate the highest common divisor of z and c.
16
Let v(m) = 1012*m**2 - 26*m - 2. Let d be v(1). Calculate the greatest common factor of 2788 and d.
164
Let i(f) = -3*f**2 - 16*f + 1. Let q be i(-5). Suppose -w = -q*w + 25. Suppose -w*p - 40 = -10*p. What is the highest common divisor of p and 56?
8
Let w be 5 + -9 + 0 + 171. What is the greatest common divisor of 8183 and w?
167
Suppose g + 2*w = 6 + 16, -48 = -2*g - 5*w. Suppose 18 - g = m. What is the greatest common divisor of 10 and m?
2
Let h be 2/23 - 8*639/69. Let o be (111/h)/((-6)/92). Calculate the greatest common factor of o and 115.
23
Let v(f) = f**3 - 12*f**2 - 27*f + 7. Let l be v(13). Let i = l - -303. Calculate the highest common divisor of i and 16.
16
Suppose -15*v = 11 + 109. Let z(h) be the first derivative of -17*h**2/2 + 14*h - 5. Let k be z(v). What is the highest common divisor of k and 30?
30
Suppose 4921 = 5*d + t + 3*t, -2*t = -4*d + 3916. Suppose 23*y - d = 77. What is the greatest common factor of 2 and y?
2
Suppose -1057*f = -1074*f + 34952. What is the greatest common factor of f and 24?
8
Suppose k + 9 = 2*z + 22, 5*k - 21 = -z. Suppose 13*d = -46 - 110. Let i be 15/(25/5) - d. Calculate the highest common factor of i and k.
5
Suppose 12*m - 11*m = -2*d + 8969, -3*d = 4*m - 13456. What is the highest common divisor of d and 19?
19
Let v = -6626 - -7605. Let x = 9 - -2. Calculate the greatest common factor of x and v.
11
Suppose 9*q - 11*q = -1068. Suppose 11*j - 2436 = q. What is the highest common factor of j and 60?
30
Suppose 0 = -396*p + 156*p + 407040. Calculate the highest common factor of p and 583.
53
Suppose 15*y - 10*y + u - 663 = 0, -4*y + 564 = 12*u. What is the greatest common divisor of 6237 and y?
33
Let b be -628*(114/(-24) + 4) + -3. What is the greatest common divisor of b and 819?
117
Let a(n) be the second derivative of n**4/12 + 5*n**3/3 + 33*n**2/2 - 51*n - 1. Let l be a(-5). What is the greatest common factor of 104 and l?
8
Suppose -3*q - 66 = -4*h, 87 - 81 = -q. Let c = 458 + -110. What is the greatest common divisor of c and h?
12
Let b = -1439 + 2022. Let j be (19/(-3) - -5)*(-5)/((-260)/(-429)). What is the highest common factor of j and b?
11
Let y be (8 + -5)/((-6)/(-116)). Suppose 2*c - 44 - 133 = 3*l, 5*l - 430 = -5*c. What is the greatest common divisor of c and y?
29
Let u = 88 - -16. Let o be ((-1482)/u)/((-2)/8). What is the highest common divisor of o and 3?
3
Suppose 3*c - 1 = 2*t - 3*t, 3*t - 3*c = 15. Let i be -9 - (-20 - 81/(-9)). Suppose -i*x = 48*x - 400. What is the highest common factor of x and t?
4
Let y be ((-896)/160)/(20/(-13475)). Calculate the greatest common divisor of 11 and y.
11
Let i(u) be the second derivative of u**5/10 + 16*u**4/3 - 67*u**3/6 - 3*u**2/2 + 265*u. Let v be i(-33). Calculate the highest common factor of 200 and v.
10
Suppose -p + 23 = -5*c, -c - 149 = -p - 3*p. Suppose -44*v + 510 = -p*v. Suppose -v - 59 = -4*f. What is the highest common divisor of f and 12?
12
Let v(i) = -i**3 - 11*i**2 - i - 2. Let f be v(-11). Suppose 0 = 4*x - 12*x + 8. Let a be 15/(0 - x/(-1)). Calculate the highest common factor of a and f.
3
Suppose 10266 = 4*k + q - 3027, 5*q = -2*k + 6669. What is the greatest common factor of k and 2416?
302
Suppose 11*a - a = 20. Suppose -5*g - 2*f = 55 - 244, -g - a*f + 33 = 0. Let s be g - (2/(-8))/(7/28). What is the greatest common divisor of 120 and s?
40
Let b be 7/2*20/14. Let m be -28*27/(-42)*20. Suppose m = -b*x + 13*x. What is the greatest common divisor of x and 135?
45
Let d(u) = -144*u + 906. Let w be d(-26). Calculate the highest common divisor of w and 750.
150
Let x(l) = 2573*l**2 + 72*l + 94. Let i be x(-2). Calculate the greatest common divisor of 36 and i.
18
Suppose -22*a + 10432 = -4418. Calculate the greatest common factor of a and 6.
3
Suppose 2*k - 3*o = 33, o + 5 = -0. Let n(b) = 2*b + 43 - 4 + k. Let p be n(-7). What is the highest common factor of p and 153?
17
Let o = -447 - -447. Suppose 29*i - 5220 = -o*i. What is the highest common factor of i and 150?
30
Let w(y) = y**3 + 28*y**2 - 63*y + 3. Let r be w(-30). Suppose 2*b = -10, 0 = -4*m - 4*b - 0*b + 228. Calculate the greatest common divisor of r and m.
31
Suppose 111*c - 5760 = 39*c. Calculate the greatest common divisor of 720 and c.
80
Let z(t) = -t**2 - 12*t - 22. Let s be z(-7). Suppose 18*y - 720 = s*y. Suppose 6*b = 9*b - y. What is the highest common divisor of b and 72?
24
Suppose -27*m - 4996 = -29*m + 4*i, -2*i + 4966 = 2*m. Calculate the highest common factor of m and 16.
8
Let q be 10 + 2*30/(-12). Let t(o) = o**2 + 13*o - 30. Let f be t(q). What is the highest common divisor of 90 and f?
30
Suppose -298*p - 454832 = -354*p. Calculate the greatest common factor of 524 and p.
262
Suppose z - 149 = -v + 142, -3*z = 5*v - 883. Calculate the highest common divisor of 416 and z.
26
Let u = -11088 + 11128. Let b(a) = 24*a**3 + 1. Let o be b(1). What is the highest common divisor of u and o?
5
Suppo